) = 20*p + p**2 + 0*p**2 - 25*p + 6 + 0*p**2. Give a(6).
12
Let i(n) = -n**2 - 17*n - 61. Let v be i(-6). Let f(a) be the first derivative of -v - 1/4*a**4 + 3*a - a**2 - a**3. Give f(-3).
9
Suppose -5 = -3*n - 2. Let c(x) = -351*x - 1 - 344*x + 696*x - 13*x**2. Give c(n).
-13
Let p(g) = 7*g**2 - 4*g - 1. Let m(u) = -8*u**2 + 5*u + 1. Let k(x) = 5*m(x) + 6*p(x). Let c(w) = -9*w**2 + w - 1. Let q(h) = c(h) + 5*k(h). Determine q(-6).
-6
Let a = -58 - -61. Let o(m) = -5*m + 7. Let x be o(a). Let z(t) = t + 9. Determine z(x).
1
Suppose 2*k - 4 = -k + 4*c, -3*k + 5*c + 2 = 0. Let y(n) = n**3 + 2 - 4*n + 9*n**2 - 4*n**2 - 3*n + k. Calculate y(-6).
12
Let f(c) = -c**3 + 5*c**2 + 2*c + 6. Suppose -22 - 18 = 4*x. Let m be (-2)/(-1)*x/(-4). Calculate f(m).
16
Let b be (-2)/(-4)*(-396)/(-22). Suppose b*l - 5*l + 32 = 0. Let v(c) = c + 4. What is v(l)?
-4
Let o = -1238 + 1233. Let a(h) = -4*h - 27. Give a(o).
-7
Suppose -7 = 2*t + 3*a, -7*t + 6 = -3*t + 2*a. Let r(y) = 5*y**3 + 2*y**2 - 4*y**3 - 4 - t*y + 5. What is r(-3)?
4
Suppose -4*l - 12 - 12 = 4*h, -3*l + 3*h = 18. Let g(a) = 5*a + 15. Calculate g(l).
-15
Let n(h) be the third derivative of h**4/12 + 4*h**3/3 - 30*h**2. Let d(j) = -2*j**2 + 0 + 8*j + 1 - j**3 + 8*j**2 + 2*j**2. Let w be d(9). Give n(w).
-8
Suppose 2*u + 3*u - 22 = -4*v, 0 = -4*v - 8. Let s(o) be the third derivative of -o**6/120 + o**5/12 + 5*o**4/24 - o**3/6 - 19*o**2. Calculate s(u).
-7
Suppose -18*y + 21*y - 12 = 0. Let p(q) be the first derivative of -y*q - 1/4*q**4 + 3 + 7/3*q**3 - 3*q**2. Determine p(6).
-4
Let n(j) = 3*j**2 + 2. Let z(k) = 20*k**2 + k + 9. Let a(b) = -5*n(b) + z(b). Calculate a(-1).
3
Let g = -25 - -19. Let q(z) = 5*z**2 - 11*z + 8. Let j(w) = 6*w**2 - 12*w + 9. Let k = -12 + 5. Let h(m) = k*q(m) + 6*j(m). Give h(g).
4
Let g(y) = y**2 + 6*y + 9. Let o be g(-5). Suppose 0 = 3*w + 4*b + 2 + 2, -o = 4*b. Let p(v) = v**2 - 9. What is p(w)?
-9
Let y(m) = -m**3 - m**2. Suppose -55 + 53 = 2*o. What is y(o)?
0
Let i be 51/15 - (-2)/(-5). Let h(b) = 2*b - 3 + 1 + 79*b**i - 2 - 5*b**2 - 78*b**3. Calculate h(5).
6
Let h(q) be the first derivative of 2*q**2 + 174. Calculate h(-1).
-4
Let j = -806 + 810. Let i(c) be the first derivative of 3/2*c**2 - 4 - 4/3*c**3 - 6*c + 1/4*c**j. What is i(4)?
6
Let i(q) be the third derivative of -q**6/60 + q**4/8 - q**3/3 + 120*q**2. Calculate i(3).
-47
Let i(t) = 87*t + 89*t - 169*t - 1. Let z(l) = -l**3 - 9*l**2 - 9*l - 7. Suppose 5*b + 32 = b. Let v be z(b). Determine i(v).
6
Let o(m) be the third derivative of -m**6/120 - m**5/20 - m**4/12 - m**3/2 + 2*m**2 + 64. What is o(-4)?
21
Let c(x) = -6. Let k(d) = d - 1. Let n(y) = c(y) - 2*k(y). Let u be 4/(-17) + 2232/527. What is n(u)?
-12
Let x(z) = 6*z**2 + 2*z - 5. Let g be x(1). Let r(u) = u**2 - 1. Give r(g).
8
Suppose -3*k + 14 = -5*g + 4, -5*g = -4*k + 5. Let h(b) = -4*b - 7. Determine h(k).
13
Let f be 3/(-15)*-3 + 10/25. Let c(u) = -u + 4*u - 3*u - f - 4*u + u**2. Let y = -5 + 8. Calculate c(y).
-4
Let s(n) = -3*n**2 - n - 1. Let u(m) = m**2 + 2*m + 3. Let w be u(-2). Suppose 2*i = l + 11, w*l + 0*i = 3*i - 18. Give s(l).
-3
Let z(s) = -s**2 - 8*s - 5. Let k be z(-3). Suppose 14*o + 4 = k*o. Let g(y) = 9*y**2 + 1. Determine g(o).
10
Let o(m) be the second derivative of -1/3*m**3 - 6*m + 0 - 1/2*m**2. Let p = -2 + 0. Calculate o(p).
3
Let v = -7 - -9. Let c(d) = -3 + d + 6 + v*d - 5*d. Calculate c(5).
-7
Let n = 21 + -16. Suppose -3*u = -n*u + 4. Let s(r) = -r + 2*r + u*r. Calculate s(-5).
-15
Let g be ((-7)/(-14))/(2/(-12)). Let r(v) = 3*v + 6. Give r(g).
-3
Let s(b) = -3*b**2 + 0*b + b**3 + b**2 - 6*b + 5. Suppose g = 2*g - 4. Give s(g).
13
Suppose 12*t = -347 + 299. Let x(h) = h**2 - 6. What is x(t)?
10
Suppose 0 = -6*h + 18. Let u(y) = 6*y + 9*y**2 - 9*y**2 - 4*y**2 + 2 - y**h. Determine u(-5).
-3
Suppose 90*f + 5 = 91*f. Let n(x) = -18*x + 87. Determine n(f).
-3
Let o be ((-63)/(-36))/(2/8). Let q(k) = -k**2 - 4*k + 81. What is q(o)?
4
Let k(y) = y**3 - 12*y**2 + 11*y + 3. Let w be k(11). Suppose -w*d = -d - 4. Let t(i) = i**3 - i**2 - 3 + 2*i + 0*i**2 - 2*i**2. Give t(d).
-3
Let o(q) = 3*q**2 - 16*q + 6. Let p be o(6). Let h(g) = g**2 - 4 + 5*g + 8*g - p*g. Calculate h(5).
-4
Let g(m) = m**3 - 2*m**2 - 3*m - 4. Let k(c) = c**2 - 5*c + 2. Suppose 40 = 5*w - 2*z + 12, 0 = -3*w - z + 8. Let y be k(w). Let l = y - -5. Determine g(l).
-4
Let b(j) = -6*j**2 + 11*j - 22. Let v(f) = 5*f**2 - 11*f + 24. Let s(o) = 4*b(o) + 5*v(o). What is s(6)?
2
Let g(d) be the second derivative of 3/2*d**2 + 1/2*d**3 - 33*d + 1/12*d**4 + 0. Calculate g(-3).
3
Let s(l) = 5*l**2 + 4*l - 3. Let r be s(1). Suppose 0 = t + p + 2, 4*t - 4*p = p + 28. Let a(k) = 3 + 6*k**2 + t*k - 5 - 1 - k**3. What is a(r)?
9
Let x(v) be the second derivative of -1/3*v**3 + 0 + 1/12*v**4 - 1/4*v**5 - 2*v + 1/2*v**2. Let i(t) = -t**3 - 2*t**2 + 3*t + 1. Let o be i(-3). Determine x(o).
-5
Let t be (-1 - -3)/(-2 + 4). Let r be -13 + 14 - (0 - t). Let z(h) = -2*h**3 + h**2 - 1. Determine z(r).
-13
Let h(v) = -v + 4. Let n = -512 - -523. What is h(n)?
-7
Let a(o) be the third derivative of o**5/60 + o**4/6 - o**3/6 + 99*o**2. Calculate a(-3).
-4
Let w be 18/81 + (-1346)/(-18). Let p(m) = -w*m**2 - m + 69*m**2 + 2*m - 8 + m**3. What is p(6)?
-2
Let p(a) = -a**3 - a**2 - 9*a + 2. Let z(b) = -3*b**3 - 2*b**2 - 19*b + 2. Let j(g) = 5*p(g) - 2*z(g). Calculate j(4).
26
Let s(f) = -4*f + 22. Let q be s(5). Let n(v) = -v**2 + 19 - 22 - 6*v - q*v**3 + 3*v. Calculate n(-2).
15
Let g be (-28)/(-21) + (-4)/(-6). Let l(x) = 94*x**2 + 0*x - 86*x**g + x. Give l(1).
9
Let i(c) = -2*c + 2. Let y be i(0). Suppose 0 + 7 = -y*s - 3*l, -3*s = 3*l + 3. Let o(v) = v**2 - v - 3. What is o(s)?
9
Let f(u) = -2*u + 1. Let t = 44 - 10. Let j = t - 31. Determine f(j).
-5
Let f(y) = 2*y + 5. Let d(l) = 6*l + 12. Let b(z) = -2*d(z) + 5*f(z). Let o(j) = 0*j - 3 - 1 + j + 2. Let c be o(7). What is b(c)?
-9
Let l(t) = 7*t - 12. Let r be l(-5). Let h = r - -53. Let n(z) = z + 3. Calculate n(h).
9
Let s(u) be the first derivative of 3*u**2/2 + 5*u - 18. Determine s(2).
11
Let y(s) = -s**3 + 7*s**2 + s - 2. Suppose 4 = w - 3*a, 3*w - 42*a = -37*a + 16. Give y(w).
5
Let i = -1316 + 1332. Let l(s) = s - 13. Determine l(i).
3
Suppose -3*b + 3*z - 21 = 0, -6*z + z + 29 = -4*b. Let j(q) = -q**2 + 9*q + 5. Let g be j(9). Let y(d) = 9 - 2*d**2 + 8*d**2 + d**3 + 0*d**2 - g. What is y(b)?
4
Let h(n) = -n**3 - 7*n**2 + 5*n - 24. Let o be h(-8). Let g(j) = -j**2 - j + 1. Determine g(o).
1
Let f = -152 + 158. Let b(k) = k**2 - 3*k - 6. Determine b(f).
12
Let t(k) = -k**2 + 8*k - 3. Let w(s) = -s**2 - 3*s + 12. Suppose 0 = 4*l + 3*i + 19, 7*i + 11 = -4*l + 12*i. Let b be w(l). Calculate t(b).
-3
Let c = 110 - 110. Let i(g) = 5*g**2 - 4*g**2 + c*g**2 + 0 - 2. Determine i(-2).
2
Let r = 0 + 0. Let u = -3 + r. Let f(o) = -19*o**3 + 3*o + 22*o**3 + 24*o**3 - 3 - 28*o**3 - o**2. What is f(u)?
6
Let b be ((-5)/(-35))/(2/77) + -5. Let c(n) be the first derivative of -5*n - 2 - b*n**2. Give c(-6).
1
Let i(v) = -v**3 + 6*v**2 + 7*v - 1. Suppose -5*w + 2 = -3*p - p, -3*w = 2*p - 10. Suppose -5*d - p*s = -45, 4*d = 3*s - s + 18. Determine i(d).
-1
Let d(y) = -y**3 + 5*y**2 + 6*y - 5. Let q(v) = -v**2 + 1. Let f(a) = -d(a) - q(a). Suppose -7 = -10*o + 43. Calculate f(o).
-1
Suppose 0 = 3*g - 5 - 31. Let h be -1 + 33/27 - 260/36. Let a = h + g. Let q(r) = r**3 - 5*r**2 + 3*r - 3. Determine q(a).
12
Let i(z) = 5*z**3 - z. Let r be i(1). Suppose -20 = -r*g + q, 8*g + 2*q - 26 = 5*g. Let h(b) = -38 + 19 + 6*b**2 - b**3 + 20. Determine h(g).
1
Let d(p) = 3*p**2 - 13*p - 1. Let r(o) = -2*o**2 + 7*o. Let f(z) = 3*d(z) + 5*r(z). Calculate f(-3).
0
Let y(a) = -2*a**3 + 2 + 3*a**3 - a - 6*a**3 + 4*a**3 - 4*a**2. Let d be (16/6)/((-2)/(-9)). Let f be 5/10*d/(-2). Calculate y(f).
-4
Let s(l) be the first derivative of l**3/3 + 9*l**2 - 3*l + 398. Give s(-19).
16
Let h(a) = 11. Let t(y) = y - 24. Let w(r) = -5*h(r) - 2*t(r). What is w(-7)?
7
Let q(d) be the second derivative of -5*d**4/12 + d**3/6 + d**2 + 2*d - 11. Calculate q(-1).
-4
Suppose -u - u + 2 = 0. Let k be u/(-3)*3*-1. Let m(s) = s - 2*s + k + 2*s. Determine m(-4).
-3
Let z(y) = y**3 - 2*y**2 - 2*y + 3. Let m(b) = -b**3 - b**2 + 2*b + 1. Let c be m(-2). Let p = -7 - -10. Let a be 